31562
In base 4, what is -11 + 21210033110213?
21210033110202
In base 5, what is -41310034 - -1001?
-41304033
In base 16, what is -387 - -6cd5?
694e
In base 12, what is -399a0 - -1a21?
-37b7b
In base 16, what is -8fa258 - -8?
-8fa250
In base 7, what is 16435 + 426546?
446314
In base 3, what is -211 + 100121220000000?
100121212222012
In base 5, what is -21423 - 1214022?
-1241000
In base 6, what is -1152105224 + -100?
-1152105324
In base 7, what is 16104556 - 342?
16104214
In base 11, what is -5513574 - -1?
-5513573
In base 8, what is -1705331 - -3?
-1705326
In base 10, what is -5 + -317385899?
-317385904
In base 11, what is -21916 - -162a?
-20297
In base 9, what is 163 + 508808?
510072
In base 15, what is 16 + -10456a?
-104554
In base 8, what is 613 + 143560?
144373
In base 9, what is 0 - -6085587?
6085587
In base 4, what is 2023020 - 23203?
1333211
In base 8, what is -26271 - 1065?
-27356
In base 12, what is 12a9 - 1369?
-80
In base 6, what is -5 + 21020053523?
21020053514
In base 16, what is -d2b89 + a?
-d2b7f
In base 5, what is -1 + -310000334241?
-310000334242
In base 6, what is 411010552 - -4?
411011000
In base 4, what is 2012 - -11010103130?
11010111202
In base 4, what is 31130201101 + 11?
31130201112
In base 9, what is -2 + 20174525?
20174523
In base 2, what is -111010 + 1000010111001101001100?
1000010111001100010010
In base 14, what is 1d0546 - 32d?
1d0217
In base 2, what is -10 - 10111010100100100100101110?
-10111010100100100100110000
In base 5, what is 3 + 104320211231?
104320211234
In base 12, what is 37 + -3174b69?
-3174b32
In base 9, what is -23637 + -3830?
-27567
In base 2, what is 0 + 110000011111100010001?
110000011111100010001
In base 3, what is 1012212210001 + 1202?
1012212211210
In base 3, what is -111 + 2011120002122?
2011120002011
In base 11, what is 8972275 - -12?
8972287
In base 8, what is 113520 - 11720?
101600
In base 8, what is -41 + 21664?
21623
In base 9, what is 43 + -5636270?
-5636226
In base 4, what is -20112102 + 2223?
-20103213
In base 2, what is 0 + -11100010111001100010?
-11100010111001100010
In base 5, what is -2 - -24411323010?
24411323003
In base 12, what is -a2881 + 218?
-a2665
In base 15, what is 11 + 1323c?
1324d
In base 5, what is -2030331 - 10110?
-2040441
In base 10, what is -610 + -1200?
-1810
In base 2, what is 1000000111100110 - 101101001?
1000000001111101
In base 11, what is -3 + 8a68a7aa?
8a68a7a7
In base 8, what is 271553031 + -11?
271553020
In base 15, what is 23b2e7d - -1?
23b2e7e
In base 3, what is -10002 - -101011111021?
101011101012
In base 11, what is 1 + -12406655?
-12406654
In base 11, what is -6 - -130a77817?
130a77811
In base 7, what is -1 - -2213423660?
2213423656
In base 9, what is -545 - -2754?
2208
In base 3, what is 1200 - 111111101022202?
-111111101021002
In base 6, what is -4240 - -1005400?
1001120
In base 11, what is -1 + 3a6521?
3a6520
In base 4, what is -221131 - 122220?
-1010011
In base 12, what is 47bba + 3a?
48038
In base 15, what is -1164ad - 84?
-116542
In base 6, what is -1 + -152331553?
-152331554
In base 16, what is -349 + -4e8a?
-51d3
In base 11, what is -3512264 - 37?
-35122a0
In base 11, what is -582 - -1442a?
13958
In base 2, what is -100011101101111 + -10000111?
-100011111110110
In base 11, what is -61061918 + -3?
-61061920
In base 7, what is 16 - 10422402?
-10422353
In base 15, what is 0 - 17269ca6?
-17269ca6
In base 12, what is -87848b - -17?
-878474
In base 6, what is -3 + 14415001525?
14415001522
In base 4, what is -1022 + 11032011211?
11032010123
In base 2, what is 11011001000010 - 101100010?
11010011100000
In base 6, what is 5 - 13313140030?
-13313140021
In base 13, what is -1363a9 - 21?
-1363ca
In base 10, what is 2 + 10154598?
10154600
In base 15, what is -1548c + -181?
-1561d
In base 16, what is -1f2 + 16a57f?
16a38d
In base 7, what is -2504511 - 15?
-2504526
In base 13, what is 5b0104 - 5?
5b00cc
In base 6, what is 10035 + -4241102?
-4231023
In base 14, what is 0 - -96a73cc?
96a73cc
In base 3, what is -12 + -21121121021022?
-21121121021111
In base 15, what is 0 + 13ea4bc?
13ea4bc
In base 4, what is -2033 - -121232111?
121230012
In base 11, what is 31 + -203a564?
-203a533
In base 7, what is -561311 - 346?
-561660
In base 9, what is 3763752 - 6?
3763745
In base 14, what is -33a + -191d9?
-19535
In base 3, what is -110100220002 + -10202221?
-110111200000
In base 11, what is 450 + 13162?
13602
In base 6, what is -2 - -5255205521?
5255205515
In base 11, what is 27902033 - -1?
27902034
In base 7, what is 0 - 21445612?
-21445612
In base 4, what is 100 + -1210011110?
-1210011010
In base 14, what is -324a - -3263?
17
In base 10, what is -100 - -189530?
189430
In base 5, what is 3 - -2303303040?
2303303043
In base 6, what is -32241 + -55530?
-132211
In base 5, what is 234032144 + -40?
234032104
In base 4, what is 11221320 + -201201?
11020113
In base 10, what is -731059 + 19?
-731040
In base 3, what is -11 - 111102111012000010?
-111102111012000021
In base 6, what is -1124555545 - 11?
-1125000000
In base 3, what is -110222 - 1020012221122?
-1020020102121
In base 15, what is e + 2e41d?
2e42c
In base 11, what is -65341183 + -4?
-65341187
In base 6, what is 2034 - -104304415?
104310453
In base 13, what is 3a - ab412?
-ab3a5
In base 16, what is -16 - -9c3ed3?
9c3ebd
In base 9, what is -1 + -3155105?
-3155106
In base 16, what is -7 - -11ac78?
11ac71
In base 5, what is -11233020410 - -2?
-11233020403
In base 7, what is -3 - -11106233?
11106230
In base 9, what is 1130 + -521006?
-518766
In base 7, what is -64632052 + -3?
-64632055
In base 6, what is 1425452 - 5130?
1420322
In base 16, what is 10cdb - -9d?
10d78
In base 7, what is 130301 + -122305?
4663
In base 14, what is 156 - -1d67?
20bd
In base 16, what is -ae72013 - -1?
-ae72012
In base 16, what is -fe7d + 1b?
-fe62
In base 13, what is 2 - -159a51?
159a53
In base 14, what is -22013384 - 1?
-22013385
In base 3, what is 0 - 200021200102101?
-200021200102101
In base 3, what is -101100211 + 120012?
-100210122
In base 3, what is -101121202121 - -1112?
-101121201002
In base 4, what is -11132313020 + 232?
-11132312122
In base 3, what is -210012201 - -112121022?
-20121102
In base 5, what is -103 + 1140230134?
1140230031
In base 16, what is 262b0 + d1?
26381
In base 16, what is 5 + 72990?
72995
In base 7, what is 13416 - -50134?
63553
In base 11, what is -94 + 8a55456?
8a55372
In base 10, what is 4 + -68771?
-68767
In base 12, what is b7 + -5b6144?
-5b6049
In base 7, what is 50055204 - -2?
50055206
In base 13, what is 428 + -2b14c?
-2aa24
In base 9, what is -324467 + 0?
-324467
In base 2, what is 100 - -1010010001100000010011010101?
1010010001100000010011011001
In base 11, what is 1 + -14a4207?
-14a4206
In base 8, what is -344176 + -4401?
-350577
In base 15, what is 92ec25e + 2?
92ec261
In base 2, what is 110010000000001 + 110011001100?
111000011001101
In base 9, what is 1453007731 + 1?
1453007732
In base 6, what is 25234342 + -123?
25234215
In base 16, what is -e0ac - 15c3?
-f66f
In base 5, what is 10 - -21333423141?
21333423201
In base 8, what is 465 - 105333?
-104646
In base 8, what is -661 - 123220?
-124101
In base 11, what is 10631 + -21a5?
9437
In base 11, what is 6a22 + 912?
7834
In base 14, what is 87372 + d9?
8746b
In base 5, what is -24 - 4434004?
-4434033
In base 7, what is 5645440124 - -2?
5645440126
In base 10, what is 137956378 + -5?
137956373
In base 6, what is -302535 + 512?
-302023
In base 8, what is -4013320 - -537?
-4012561
In base 6, what is -4415150102 - 1?
-4415150103
In base 9, what is 67000821 - -7?
67000828
In base 7, what is -66232 - -644?
-65255
In base 5, what is 41433 + -4321431?
-4224443
In base 13, what is 5 + -216756?
-216751
In base 10, what is 126411 - 26?
126385
In base 6, what is 2214332450 - 4?
2214332442
In base 16, what is df8dd - -4a?
df927
In base 8, what is -6345 + 1040?
-5305
In base 10, what is -270058 - -4?
-270054
In base 16, what is 4 + 7f083e?
7f0842
In base 4, what is 13110 - 2221132?
-2202022
In base 12, what is b304a - 8?
b3042
In base 15, what is e - -97d69?
97d78
In base 10, what is -332 - 4540?
-4872
In base 14, what is -3 - -194a133?
194a130
In base 13, what is 1546 + -c8b0?
-b367
In base 9, what is 1063228 + -216?
1063012
In base 11, what is -a7836 + 10?
-a7826
In ba